{"id":14368,"date":"2021-10-01T10:43:03","date_gmt":"2021-10-01T10:43:03","guid":{"rendered":"https:\/\/www.obispadodeibiza.es\/?post_type=tribe_events&#038;p=14368"},"modified":"2021-10-01T10:43:03","modified_gmt":"2021-10-01T10:43:03","slug":"festa-de-santa-teresa-de-jesus","status":"publish","type":"tribe_events","link":"https:\/\/www.obispadodeibiza.es\/ca\/evento\/festa-de-santa-teresa-de-jesus\/","title":{"rendered":"Festa de Santa Teresa de Jes\u00fas"},"content":{"rendered":"<style type=\"text\/css\"><\/style><pre id=\"tw-target-text\" class=\"tw-data-text tw-text-large XcVN5d tw-ta\" data-placeholder=\"Traducci\u00f3n\"><span class=\"Y2IQFc\" lang=\"ca\">A les 19 hores tindr\u00e0 lloc a l'esgl\u00e9sia de Nostra Senyora de l'Carmen de Cubells una missa solemne en honor a Santa Teresa. Despr\u00e9s de la missa tindr\u00e0 lloc\r\n la process\u00f3.<\/span><\/pre>\n","protected":false},"excerpt":{"rendered":"<p>A les 19 hores tindr\u00e0 lloc a l&#8217;esgl\u00e9sia de Nostra Senyora de l&#8217;Carmen de Cubells una missa solemne en honor a Santa Teresa. Despr\u00e9s de la missa tindr\u00e0 lloc la&#8230;<\/p>\n","protected":false},"author":5,"featured_media":0,"template":"","meta":{"_monsterinsights_skip_tracking":false,"_monsterinsights_sitenote_active":false,"_monsterinsights_sitenote_note":"","_monsterinsights_sitenote_category":0,"_tribe_events_status":"","_tribe_events_status_reason":"","footnotes":""},"tags":[],"tribe_events_cat":[],"class_list":["post-14368","tribe_events","type-tribe_events","status-publish","hentry"],"yoast_head":"<!-- This site is optimized with the Yoast SEO plugin v27.2 - https:\/\/yoast.com\/product\/yoast-seo-wordpress\/ -->\n<title>Festa de Santa Teresa de Jes\u00fas - Obispado de Ibiza<\/title>\n<meta name=\"robots\" content=\"index, follow, max-snippet:-1, max-image-preview:large, max-video-preview:-1\" \/>\n<link rel=\"canonical\" href=\"https:\/\/www.obispadodeibiza.es\/ca\/evento\/festa-de-santa-teresa-de-jesus\/\" \/>\n<meta property=\"og:locale\" content=\"ca_ES\" \/>\n<meta property=\"og:type\" content=\"article\" \/>\n<meta property=\"og:title\" content=\"Festa de Santa Teresa de Jes\u00fas - Obispado de Ibiza\" \/>\n<meta property=\"og:description\" content=\"A les 19 hores tindr\u00e0 lloc a l&#039;esgl\u00e9sia de Nostra Senyora de l&#039;Carmen de Cubells una missa solemne en honor a Santa Teresa. Despr\u00e9s de la missa tindr\u00e0 lloc la...\" \/>\n<meta property=\"og:url\" content=\"https:\/\/www.obispadodeibiza.es\/ca\/evento\/festa-de-santa-teresa-de-jesus\/\" \/>\n<meta property=\"og:site_name\" content=\"Obispado de Ibiza\" \/>\n<meta name=\"twitter:card\" content=\"summary_large_image\" \/>\n<script type=\"application\/ld+json\" class=\"yoast-schema-graph\">{\"@context\":\"https:\/\/schema.org\",\"@graph\":[{\"@type\":\"WebPage\",\"@id\":\"https:\/\/www.obispadodeibiza.es\/ca\/evento\/festa-de-santa-teresa-de-jesus\/\",\"url\":\"https:\/\/www.obispadodeibiza.es\/ca\/evento\/festa-de-santa-teresa-de-jesus\/\",\"name\":\"Festa de Santa Teresa de Jes\u00fas - Obispado de Ibiza\",\"isPartOf\":{\"@id\":\"https:\/\/www.obispadodeibiza.es\/ca\/#website\"},\"datePublished\":\"2021-10-01T10:43:03+00:00\",\"breadcrumb\":{\"@id\":\"https:\/\/www.obispadodeibiza.es\/ca\/evento\/festa-de-santa-teresa-de-jesus\/#breadcrumb\"},\"inLanguage\":\"ca\",\"potentialAction\":[{\"@type\":\"ReadAction\",\"target\":[\"https:\/\/www.obispadodeibiza.es\/ca\/evento\/festa-de-santa-teresa-de-jesus\/\"]}]},{\"@type\":\"BreadcrumbList\",\"@id\":\"https:\/\/www.obispadodeibiza.es\/ca\/evento\/festa-de-santa-teresa-de-jesus\/#breadcrumb\",\"itemListElement\":[{\"@type\":\"ListItem\",\"position\":1,\"name\":\"Home\",\"item\":\"https:\/\/www.obispadodeibiza.es\/ca\/?page_id=23429\"},{\"@type\":\"ListItem\",\"position\":2,\"name\":\"Esdeveniments\",\"item\":\"https:\/\/www.obispadodeibiza.es\/ca\/eventos\/\"},{\"@type\":\"ListItem\",\"position\":3,\"name\":\"Festa de Santa Teresa de Jes\u00fas\"}]},{\"@type\":\"WebSite\",\"@id\":\"https:\/\/www.obispadodeibiza.es\/ca\/#website\",\"url\":\"https:\/\/www.obispadodeibiza.es\/ca\/\",\"name\":\"Obispado de Ibiza\",\"description\":\"Web Oficial de la Di\u00f3cesis de Ibiza\",\"publisher\":{\"@id\":\"https:\/\/www.obispadodeibiza.es\/ca\/#organization\"},\"potentialAction\":[{\"@type\":\"SearchAction\",\"target\":{\"@type\":\"EntryPoint\",\"urlTemplate\":\"https:\/\/www.obispadodeibiza.es\/ca\/?s={search_term_string}\"},\"query-input\":{\"@type\":\"PropertyValueSpecification\",\"valueRequired\":true,\"valueName\":\"search_term_string\"}}],\"inLanguage\":\"ca\"},{\"@type\":\"Organization\",\"@id\":\"https:\/\/www.obispadodeibiza.es\/ca\/#organization\",\"name\":\"Obispado de Ibiza\",\"url\":\"https:\/\/www.obispadodeibiza.es\/ca\/\",\"logo\":{\"@type\":\"ImageObject\",\"inLanguage\":\"ca\",\"@id\":\"https:\/\/www.obispadodeibiza.es\/ca\/#\/schema\/logo\/image\/\",\"url\":\"https:\/\/www.obispadodeibiza.es\/wp-content\/uploads\/2021\/03\/logo-bisbat-eivissa-color.png\",\"contentUrl\":\"https:\/\/www.obispadodeibiza.es\/wp-content\/uploads\/2021\/03\/logo-bisbat-eivissa-color.png\",\"width\":1739,\"height\":1544,\"caption\":\"Obispado de Ibiza\"},\"image\":{\"@id\":\"https:\/\/www.obispadodeibiza.es\/ca\/#\/schema\/logo\/image\/\"}}]}<\/script>\n<!-- \/ Yoast SEO plugin. -->","yoast_head_json":{"title":"Festa de Santa Teresa de Jes\u00fas - Obispado de Ibiza","robots":{"index":"index","follow":"follow","max-snippet":"max-snippet:-1","max-image-preview":"max-image-preview:large","max-video-preview":"max-video-preview:-1"},"canonical":"https:\/\/www.obispadodeibiza.es\/ca\/evento\/festa-de-santa-teresa-de-jesus\/","og_locale":"ca_ES","og_type":"article","og_title":"Festa de Santa Teresa de Jes\u00fas - Obispado de Ibiza","og_description":"A les 19 hores tindr\u00e0 lloc a l'esgl\u00e9sia de Nostra Senyora de l'Carmen de Cubells una missa solemne en honor a Santa Teresa. Despr\u00e9s de la missa tindr\u00e0 lloc la...","og_url":"https:\/\/www.obispadodeibiza.es\/ca\/evento\/festa-de-santa-teresa-de-jesus\/","og_site_name":"Obispado de Ibiza","twitter_card":"summary_large_image","schema":{"@context":"https:\/\/schema.org","@graph":[{"@type":"WebPage","@id":"https:\/\/www.obispadodeibiza.es\/ca\/evento\/festa-de-santa-teresa-de-jesus\/","url":"https:\/\/www.obispadodeibiza.es\/ca\/evento\/festa-de-santa-teresa-de-jesus\/","name":"Festa de Santa Teresa de Jes\u00fas - Obispado de Ibiza","isPartOf":{"@id":"https:\/\/www.obispadodeibiza.es\/ca\/#website"},"datePublished":"2021-10-01T10:43:03+00:00","breadcrumb":{"@id":"https:\/\/www.obispadodeibiza.es\/ca\/evento\/festa-de-santa-teresa-de-jesus\/#breadcrumb"},"inLanguage":"ca","potentialAction":[{"@type":"ReadAction","target":["https:\/\/www.obispadodeibiza.es\/ca\/evento\/festa-de-santa-teresa-de-jesus\/"]}]},{"@type":"BreadcrumbList","@id":"https:\/\/www.obispadodeibiza.es\/ca\/evento\/festa-de-santa-teresa-de-jesus\/#breadcrumb","itemListElement":[{"@type":"ListItem","position":1,"name":"Home","item":"https:\/\/www.obispadodeibiza.es\/ca\/?page_id=23429"},{"@type":"ListItem","position":2,"name":"Esdeveniments","item":"https:\/\/www.obispadodeibiza.es\/ca\/eventos\/"},{"@type":"ListItem","position":3,"name":"Festa de Santa Teresa de Jes\u00fas"}]},{"@type":"WebSite","@id":"https:\/\/www.obispadodeibiza.es\/ca\/#website","url":"https:\/\/www.obispadodeibiza.es\/ca\/","name":"Obispado de Ibiza","description":"Web Oficial de la Di\u00f3cesis de Ibiza","publisher":{"@id":"https:\/\/www.obispadodeibiza.es\/ca\/#organization"},"potentialAction":[{"@type":"SearchAction","target":{"@type":"EntryPoint","urlTemplate":"https:\/\/www.obispadodeibiza.es\/ca\/?s={search_term_string}"},"query-input":{"@type":"PropertyValueSpecification","valueRequired":true,"valueName":"search_term_string"}}],"inLanguage":"ca"},{"@type":"Organization","@id":"https:\/\/www.obispadodeibiza.es\/ca\/#organization","name":"Obispado de Ibiza","url":"https:\/\/www.obispadodeibiza.es\/ca\/","logo":{"@type":"ImageObject","inLanguage":"ca","@id":"https:\/\/www.obispadodeibiza.es\/ca\/#\/schema\/logo\/image\/","url":"https:\/\/www.obispadodeibiza.es\/wp-content\/uploads\/2021\/03\/logo-bisbat-eivissa-color.png","contentUrl":"https:\/\/www.obispadodeibiza.es\/wp-content\/uploads\/2021\/03\/logo-bisbat-eivissa-color.png","width":1739,"height":1544,"caption":"Obispado de Ibiza"},"image":{"@id":"https:\/\/www.obispadodeibiza.es\/ca\/#\/schema\/logo\/image\/"}}]}},"_links":{"self":[{"href":"https:\/\/www.obispadodeibiza.es\/ca\/wp-json\/wp\/v2\/tribe_events\/14368","targetHints":{"allow":["GET"]}}],"collection":[{"href":"https:\/\/www.obispadodeibiza.es\/ca\/wp-json\/wp\/v2\/tribe_events"}],"about":[{"href":"https:\/\/www.obispadodeibiza.es\/ca\/wp-json\/wp\/v2\/types\/tribe_events"}],"author":[{"embeddable":true,"href":"https:\/\/www.obispadodeibiza.es\/ca\/wp-json\/wp\/v2\/users\/5"}],"version-history":[{"count":1,"href":"https:\/\/www.obispadodeibiza.es\/ca\/wp-json\/wp\/v2\/tribe_events\/14368\/revisions"}],"predecessor-version":[{"id":14369,"href":"https:\/\/www.obispadodeibiza.es\/ca\/wp-json\/wp\/v2\/tribe_events\/14368\/revisions\/14369"}],"wp:attachment":[{"href":"https:\/\/www.obispadodeibiza.es\/ca\/wp-json\/wp\/v2\/media?parent=14368"}],"wp:term":[{"taxonomy":"post_tag","embeddable":true,"href":"https:\/\/www.obispadodeibiza.es\/ca\/wp-json\/wp\/v2\/tags?post=14368"},{"taxonomy":"tribe_events_cat","embeddable":true,"href":"https:\/\/www.obispadodeibiza.es\/ca\/wp-json\/wp\/v2\/tribe_events_cat?post=14368"}],"curies":[{"name":"wp","href":"https:\/\/api.w.org\/{rel}","templated":true}]}}

Festa de Santa Teresa de Jesús

<style type="text/css"></style><pre id="tw-target-text" class="tw-data-text tw-text-large XcVN5d tw-ta" data-placeholder="Traducción"><span class="Y2IQFc" lang="ca">A les 19 hores tindrà lloc a l'església de Nostra Senyora de l'Carmen de Cubells una missa solemne en honor a Santa Teresa. Després de la missa tindrà lloc
 la processó.</span></pre>

<p>A les 19 hores tindrà lloc a l&#8217;església de Nostra Senyora de l&#8217;Carmen de Cubells una missa solemne en honor a Santa Teresa. Després de la missa tindrà lloc la&#8230;</p>

<!-- This site is optimized with the Yoast SEO plugin v27.2 - https://yoast.com/product/yoast-seo-wordpress/ -->
<title>Festa de Santa Teresa de Jesús - Obispado de Ibiza</title>
<meta name="robots" content="index, follow, max-snippet:-1, max-image-preview:large, max-video-preview:-1" />
<link rel="canonical" href="https://www.obispadodeibiza.es/ca/evento/festa-de-santa-teresa-de-jesus/" />
<meta property="og:locale" content="ca_ES" />
<meta property="og:type" content="article" />
<meta property="og:title" content="Festa de Santa Teresa de Jesús - Obispado de Ibiza" />
<meta property="og:description" content="A les 19 hores tindrà lloc a l&#039;església de Nostra Senyora de l&#039;Carmen de Cubells una missa solemne en honor a Santa Teresa. Després de la missa tindrà lloc la..." />
<meta property="og:url" content="https://www.obispadodeibiza.es/ca/evento/festa-de-santa-teresa-de-jesus/" />
<meta property="og:site_name" content="Obispado de Ibiza" />
<meta name="twitter:card" content="summary_large_image" />
<script type="application/ld+json" class="yoast-schema-graph">{"@context":"https://schema.org","@graph":[{"@type":"WebPage","@id":"https://www.obispadodeibiza.es/ca/evento/festa-de-santa-teresa-de-jesus/","url":"https://www.obispadodeibiza.es/ca/evento/festa-de-santa-teresa-de-jesus/","name":"Festa de Santa Teresa de Jesús - Obispado de Ibiza","isPartOf":{"@id":"https://www.obispadodeibiza.es/ca/#website"},"datePublished":"2021-10-01T10:43:03+00:00","breadcrumb":{"@id":"https://www.obispadodeibiza.es/ca/evento/festa-de-santa-teresa-de-jesus/#breadcrumb"},"inLanguage":"ca","potentialAction":[{"@type":"ReadAction","target":["https://www.obispadodeibiza.es/ca/evento/festa-de-santa-teresa-de-jesus/"]}]},{"@type":"BreadcrumbList","@id":"https://www.obispadodeibiza.es/ca/evento/festa-de-santa-teresa-de-jesus/#breadcrumb","itemListElement":[{"@type":"ListItem","position":1,"name":"Home","item":"https://www.obispadodeibiza.es/ca/?page_id=23429"},{"@type":"ListItem","position":2,"name":"Esdeveniments","item":"https://www.obispadodeibiza.es/ca/eventos/"},{"@type":"ListItem","position":3,"name":"Festa de Santa Teresa de Jesús"}]},{"@type":"WebSite","@id":"https://www.obispadodeibiza.es/ca/#website","url":"https://www.obispadodeibiza.es/ca/","name":"Obispado de Ibiza","description":"Web Oficial de la Diócesis de Ibiza","publisher":{"@id":"https://www.obispadodeibiza.es/ca/#organization"},"potentialAction":[{"@type":"SearchAction","target":{"@type":"EntryPoint","urlTemplate":"https://www.obispadodeibiza.es/ca/?s={search_term_string}"},"query-input":{"@type":"PropertyValueSpecification","valueRequired":true,"valueName":"search_term_string"}}],"inLanguage":"ca"},{"@type":"Organization","@id":"https://www.obispadodeibiza.es/ca/#organization","name":"Obispado de Ibiza","url":"https://www.obispadodeibiza.es/ca/","logo":{"@type":"ImageObject","inLanguage":"ca","@id":"https://www.obispadodeibiza.es/ca/#/schema/logo/image/","url":"https://www.obispadodeibiza.es/wp-content/uploads/2021/03/logo-bisbat-eivissa-color.png","contentUrl":"https://www.obispadodeibiza.es/wp-content/uploads/2021/03/logo-bisbat-eivissa-color.png","width":1739,"height":1544,"caption":"Obispado de Ibiza"},"image":{"@id":"https://www.obispadodeibiza.es/ca/#/schema/logo/image/"}}]}</script>
<!-- / Yoast SEO plugin. -->

Festa de Santa Teresa de Jesús - Obispado de Ibiza

A les 19 hores tindrà lloc a l'església de Nostra Senyora de l'Carmen de Cubells una missa solemne en honor a Santa Teresa. Després de la missa tindrà lloc la...

Web Oficial de la Diócesis de Ibiza
