{"id":14982,"date":"2021-11-15T13:13:25","date_gmt":"2021-11-15T12:13:25","guid":{"rendered":"https:\/\/www.obispadodeibiza.es\/?post_type=tribe_events&#038;p=14982"},"modified":"2021-11-15T13:13:25","modified_gmt":"2021-11-15T12:13:25","slug":"presa-de-possessio-de-nou-rector-de-santa-gertrudis","status":"publish","type":"tribe_events","link":"https:\/\/www.obispadodeibiza.es\/ca\/evento\/presa-de-possessio-de-nou-rector-de-santa-gertrudis\/","title":{"rendered":"Presa de possessi\u00f3 de nou rector de Santa Gertrudis"},"content":{"rendered":"<style type=\"text\/css\"><\/style><p>El Bisbe, Don Vicente Ribas Prats, presidir\u00e0 la celebraci\u00f3 que tindr\u00e0 lloc a les 19 hores a la parr\u00f2quia de Santa Gertrudis, el Reverend \u00c1lvaro Enrique Gonz\u00e1lez Mesa, prendr\u00e0 possessi\u00f3 com a nou rector.<\/p>\n","protected":false},"excerpt":{"rendered":"<p>El Bisbe, Don Vicente Ribas Prats, presidir\u00e0 la celebraci\u00f3 que tindr\u00e0 lloc a les 19 hores a la parr\u00f2quia de Santa Gertrudis, el Reverend \u00c1lvaro Enrique Gonz\u00e1lez Mesa, prendr\u00e0 possessi\u00f3&#8230;<\/p>\n","protected":false},"author":5,"featured_media":0,"template":"","meta":{"_monsterinsights_skip_tracking":false,"_monsterinsights_sitenote_active":false,"_monsterinsights_sitenote_note":"","_monsterinsights_sitenote_category":0,"_tribe_events_status":"","_tribe_events_status_reason":"","footnotes":""},"tags":[],"tribe_events_cat":[],"class_list":["post-14982","tribe_events","type-tribe_events","status-publish","hentry"],"yoast_head":"<!-- This site is optimized with the Yoast SEO plugin v27.2 - https:\/\/yoast.com\/product\/yoast-seo-wordpress\/ -->\n<title>Presa de possessi\u00f3 de nou rector de Santa Gertrudis - Obispado de Ibiza<\/title>\n<meta name=\"robots\" content=\"index, follow, max-snippet:-1, max-image-preview:large, max-video-preview:-1\" \/>\n<link rel=\"canonical\" href=\"https:\/\/www.obispadodeibiza.es\/ca\/evento\/presa-de-possessio-de-nou-rector-de-santa-gertrudis\/\" \/>\n<meta property=\"og:locale\" content=\"ca_ES\" \/>\n<meta property=\"og:type\" content=\"article\" \/>\n<meta property=\"og:title\" content=\"Presa de possessi\u00f3 de nou rector de Santa Gertrudis - Obispado de Ibiza\" \/>\n<meta property=\"og:description\" content=\"El Bisbe, Don Vicente Ribas Prats, presidir\u00e0 la celebraci\u00f3 que tindr\u00e0 lloc a les 19 hores a la parr\u00f2quia de Santa Gertrudis, el Reverend \u00c1lvaro Enrique Gonz\u00e1lez Mesa, prendr\u00e0 possessi\u00f3...\" \/>\n<meta property=\"og:url\" content=\"https:\/\/www.obispadodeibiza.es\/ca\/evento\/presa-de-possessio-de-nou-rector-de-santa-gertrudis\/\" \/>\n<meta property=\"og:site_name\" content=\"Obispado de Ibiza\" \/>\n<meta name=\"twitter:card\" content=\"summary_large_image\" \/>\n<meta name=\"twitter:label1\" content=\"Temps estimat de lectura\" \/>\n\t<meta name=\"twitter:data1\" content=\"1 minut\" \/>\n<script type=\"application\/ld+json\" class=\"yoast-schema-graph\">{\"@context\":\"https:\/\/schema.org\",\"@graph\":[{\"@type\":\"WebPage\",\"@id\":\"https:\/\/www.obispadodeibiza.es\/ca\/evento\/presa-de-possessio-de-nou-rector-de-santa-gertrudis\/\",\"url\":\"https:\/\/www.obispadodeibiza.es\/ca\/evento\/presa-de-possessio-de-nou-rector-de-santa-gertrudis\/\",\"name\":\"Presa de possessi\u00f3 de nou rector de Santa Gertrudis - Obispado de Ibiza\",\"isPartOf\":{\"@id\":\"https:\/\/www.obispadodeibiza.es\/ca\/#website\"},\"datePublished\":\"2021-11-15T12:13:25+00:00\",\"breadcrumb\":{\"@id\":\"https:\/\/www.obispadodeibiza.es\/ca\/evento\/presa-de-possessio-de-nou-rector-de-santa-gertrudis\/#breadcrumb\"},\"inLanguage\":\"ca\",\"potentialAction\":[{\"@type\":\"ReadAction\",\"target\":[\"https:\/\/www.obispadodeibiza.es\/ca\/evento\/presa-de-possessio-de-nou-rector-de-santa-gertrudis\/\"]}]},{\"@type\":\"BreadcrumbList\",\"@id\":\"https:\/\/www.obispadodeibiza.es\/ca\/evento\/presa-de-possessio-de-nou-rector-de-santa-gertrudis\/#breadcrumb\",\"itemListElement\":[{\"@type\":\"ListItem\",\"position\":1,\"name\":\"Home\",\"item\":\"https:\/\/www.obispadodeibiza.es\/ca\/?page_id=23429\"},{\"@type\":\"ListItem\",\"position\":2,\"name\":\"Esdeveniments\",\"item\":\"https:\/\/www.obispadodeibiza.es\/ca\/eventos\/\"},{\"@type\":\"ListItem\",\"position\":3,\"name\":\"Presa de possessi\u00f3 de nou rector de Santa Gertrudis\"}]},{\"@type\":\"WebSite\",\"@id\":\"https:\/\/www.obispadodeibiza.es\/ca\/#website\",\"url\":\"https:\/\/www.obispadodeibiza.es\/ca\/\",\"name\":\"Obispado de Ibiza\",\"description\":\"Web Oficial de la Di\u00f3cesis de Ibiza\",\"publisher\":{\"@id\":\"https:\/\/www.obispadodeibiza.es\/ca\/#organization\"},\"potentialAction\":[{\"@type\":\"SearchAction\",\"target\":{\"@type\":\"EntryPoint\",\"urlTemplate\":\"https:\/\/www.obispadodeibiza.es\/ca\/?s={search_term_string}\"},\"query-input\":{\"@type\":\"PropertyValueSpecification\",\"valueRequired\":true,\"valueName\":\"search_term_string\"}}],\"inLanguage\":\"ca\"},{\"@type\":\"Organization\",\"@id\":\"https:\/\/www.obispadodeibiza.es\/ca\/#organization\",\"name\":\"Obispado de Ibiza\",\"url\":\"https:\/\/www.obispadodeibiza.es\/ca\/\",\"logo\":{\"@type\":\"ImageObject\",\"inLanguage\":\"ca\",\"@id\":\"https:\/\/www.obispadodeibiza.es\/ca\/#\/schema\/logo\/image\/\",\"url\":\"https:\/\/www.obispadodeibiza.es\/wp-content\/uploads\/2021\/03\/logo-bisbat-eivissa-color.png\",\"contentUrl\":\"https:\/\/www.obispadodeibiza.es\/wp-content\/uploads\/2021\/03\/logo-bisbat-eivissa-color.png\",\"width\":1739,\"height\":1544,\"caption\":\"Obispado de Ibiza\"},\"image\":{\"@id\":\"https:\/\/www.obispadodeibiza.es\/ca\/#\/schema\/logo\/image\/\"}}]}<\/script>\n<!-- \/ Yoast SEO plugin. -->","yoast_head_json":{"title":"Presa de possessi\u00f3 de nou rector de Santa Gertrudis - Obispado de Ibiza","robots":{"index":"index","follow":"follow","max-snippet":"max-snippet:-1","max-image-preview":"max-image-preview:large","max-video-preview":"max-video-preview:-1"},"canonical":"https:\/\/www.obispadodeibiza.es\/ca\/evento\/presa-de-possessio-de-nou-rector-de-santa-gertrudis\/","og_locale":"ca_ES","og_type":"article","og_title":"Presa de possessi\u00f3 de nou rector de Santa Gertrudis - Obispado de Ibiza","og_description":"El Bisbe, Don Vicente Ribas Prats, presidir\u00e0 la celebraci\u00f3 que tindr\u00e0 lloc a les 19 hores a la parr\u00f2quia de Santa Gertrudis, el Reverend \u00c1lvaro Enrique Gonz\u00e1lez Mesa, prendr\u00e0 possessi\u00f3...","og_url":"https:\/\/www.obispadodeibiza.es\/ca\/evento\/presa-de-possessio-de-nou-rector-de-santa-gertrudis\/","og_site_name":"Obispado de Ibiza","twitter_card":"summary_large_image","twitter_misc":{"Temps estimat de lectura":"1 minut"},"schema":{"@context":"https:\/\/schema.org","@graph":[{"@type":"WebPage","@id":"https:\/\/www.obispadodeibiza.es\/ca\/evento\/presa-de-possessio-de-nou-rector-de-santa-gertrudis\/","url":"https:\/\/www.obispadodeibiza.es\/ca\/evento\/presa-de-possessio-de-nou-rector-de-santa-gertrudis\/","name":"Presa de possessi\u00f3 de nou rector de Santa Gertrudis - Obispado de Ibiza","isPartOf":{"@id":"https:\/\/www.obispadodeibiza.es\/ca\/#website"},"datePublished":"2021-11-15T12:13:25+00:00","breadcrumb":{"@id":"https:\/\/www.obispadodeibiza.es\/ca\/evento\/presa-de-possessio-de-nou-rector-de-santa-gertrudis\/#breadcrumb"},"inLanguage":"ca","potentialAction":[{"@type":"ReadAction","target":["https:\/\/www.obispadodeibiza.es\/ca\/evento\/presa-de-possessio-de-nou-rector-de-santa-gertrudis\/"]}]},{"@type":"BreadcrumbList","@id":"https:\/\/www.obispadodeibiza.es\/ca\/evento\/presa-de-possessio-de-nou-rector-de-santa-gertrudis\/#breadcrumb","itemListElement":[{"@type":"ListItem","position":1,"name":"Home","item":"https:\/\/www.obispadodeibiza.es\/ca\/?page_id=23429"},{"@type":"ListItem","position":2,"name":"Esdeveniments","item":"https:\/\/www.obispadodeibiza.es\/ca\/eventos\/"},{"@type":"ListItem","position":3,"name":"Presa de possessi\u00f3 de nou rector de Santa Gertrudis"}]},{"@type":"WebSite","@id":"https:\/\/www.obispadodeibiza.es\/ca\/#website","url":"https:\/\/www.obispadodeibiza.es\/ca\/","name":"Obispado de Ibiza","description":"Web Oficial de la Di\u00f3cesis de Ibiza","publisher":{"@id":"https:\/\/www.obispadodeibiza.es\/ca\/#organization"},"potentialAction":[{"@type":"SearchAction","target":{"@type":"EntryPoint","urlTemplate":"https:\/\/www.obispadodeibiza.es\/ca\/?s={search_term_string}"},"query-input":{"@type":"PropertyValueSpecification","valueRequired":true,"valueName":"search_term_string"}}],"inLanguage":"ca"},{"@type":"Organization","@id":"https:\/\/www.obispadodeibiza.es\/ca\/#organization","name":"Obispado de Ibiza","url":"https:\/\/www.obispadodeibiza.es\/ca\/","logo":{"@type":"ImageObject","inLanguage":"ca","@id":"https:\/\/www.obispadodeibiza.es\/ca\/#\/schema\/logo\/image\/","url":"https:\/\/www.obispadodeibiza.es\/wp-content\/uploads\/2021\/03\/logo-bisbat-eivissa-color.png","contentUrl":"https:\/\/www.obispadodeibiza.es\/wp-content\/uploads\/2021\/03\/logo-bisbat-eivissa-color.png","width":1739,"height":1544,"caption":"Obispado de Ibiza"},"image":{"@id":"https:\/\/www.obispadodeibiza.es\/ca\/#\/schema\/logo\/image\/"}}]}},"_links":{"self":[{"href":"https:\/\/www.obispadodeibiza.es\/ca\/wp-json\/wp\/v2\/tribe_events\/14982","targetHints":{"allow":["GET"]}}],"collection":[{"href":"https:\/\/www.obispadodeibiza.es\/ca\/wp-json\/wp\/v2\/tribe_events"}],"about":[{"href":"https:\/\/www.obispadodeibiza.es\/ca\/wp-json\/wp\/v2\/types\/tribe_events"}],"author":[{"embeddable":true,"href":"https:\/\/www.obispadodeibiza.es\/ca\/wp-json\/wp\/v2\/users\/5"}],"version-history":[{"count":1,"href":"https:\/\/www.obispadodeibiza.es\/ca\/wp-json\/wp\/v2\/tribe_events\/14982\/revisions"}],"predecessor-version":[{"id":14983,"href":"https:\/\/www.obispadodeibiza.es\/ca\/wp-json\/wp\/v2\/tribe_events\/14982\/revisions\/14983"}],"wp:attachment":[{"href":"https:\/\/www.obispadodeibiza.es\/ca\/wp-json\/wp\/v2\/media?parent=14982"}],"wp:term":[{"taxonomy":"post_tag","embeddable":true,"href":"https:\/\/www.obispadodeibiza.es\/ca\/wp-json\/wp\/v2\/tags?post=14982"},{"taxonomy":"tribe_events_cat","embeddable":true,"href":"https:\/\/www.obispadodeibiza.es\/ca\/wp-json\/wp\/v2\/tribe_events_cat?post=14982"}],"curies":[{"name":"wp","href":"https:\/\/api.w.org\/{rel}","templated":true}]}}

Presa de possessió de nou rector de Santa Gertrudis

<style type="text/css"></style><p>El Bisbe, Don Vicente Ribas Prats, presidirà la celebració que tindrà lloc a les 19 hores a la parròquia de Santa Gertrudis, el Reverend Álvaro Enrique González Mesa, prendrà possessió com a nou rector.</p>

<p>El Bisbe, Don Vicente Ribas Prats, presidirà la celebració que tindrà lloc a les 19 hores a la parròquia de Santa Gertrudis, el Reverend Álvaro Enrique González Mesa, prendrà possessió&#8230;</p>

<!-- This site is optimized with the Yoast SEO plugin v27.2 - https://yoast.com/product/yoast-seo-wordpress/ -->
<title>Presa de possessió de nou rector de Santa Gertrudis - Obispado de Ibiza</title>
<meta name="robots" content="index, follow, max-snippet:-1, max-image-preview:large, max-video-preview:-1" />
<link rel="canonical" href="https://www.obispadodeibiza.es/ca/evento/presa-de-possessio-de-nou-rector-de-santa-gertrudis/" />
<meta property="og:locale" content="ca_ES" />
<meta property="og:type" content="article" />
<meta property="og:title" content="Presa de possessió de nou rector de Santa Gertrudis - Obispado de Ibiza" />
<meta property="og:description" content="El Bisbe, Don Vicente Ribas Prats, presidirà la celebració que tindrà lloc a les 19 hores a la parròquia de Santa Gertrudis, el Reverend Álvaro Enrique González Mesa, prendrà possessió..." />
<meta property="og:url" content="https://www.obispadodeibiza.es/ca/evento/presa-de-possessio-de-nou-rector-de-santa-gertrudis/" />
<meta property="og:site_name" content="Obispado de Ibiza" />
<meta name="twitter:card" content="summary_large_image" />
<meta name="twitter:label1" content="Temps estimat de lectura" />
	<meta name="twitter:data1" content="1 minut" />
<script type="application/ld+json" class="yoast-schema-graph">{"@context":"https://schema.org","@graph":[{"@type":"WebPage","@id":"https://www.obispadodeibiza.es/ca/evento/presa-de-possessio-de-nou-rector-de-santa-gertrudis/","url":"https://www.obispadodeibiza.es/ca/evento/presa-de-possessio-de-nou-rector-de-santa-gertrudis/","name":"Presa de possessió de nou rector de Santa Gertrudis - Obispado de Ibiza","isPartOf":{"@id":"https://www.obispadodeibiza.es/ca/#website"},"datePublished":"2021-11-15T12:13:25+00:00","breadcrumb":{"@id":"https://www.obispadodeibiza.es/ca/evento/presa-de-possessio-de-nou-rector-de-santa-gertrudis/#breadcrumb"},"inLanguage":"ca","potentialAction":[{"@type":"ReadAction","target":["https://www.obispadodeibiza.es/ca/evento/presa-de-possessio-de-nou-rector-de-santa-gertrudis/"]}]},{"@type":"BreadcrumbList","@id":"https://www.obispadodeibiza.es/ca/evento/presa-de-possessio-de-nou-rector-de-santa-gertrudis/#breadcrumb","itemListElement":[{"@type":"ListItem","position":1,"name":"Home","item":"https://www.obispadodeibiza.es/ca/?page_id=23429"},{"@type":"ListItem","position":2,"name":"Esdeveniments","item":"https://www.obispadodeibiza.es/ca/eventos/"},{"@type":"ListItem","position":3,"name":"Presa de possessió de nou rector de Santa Gertrudis"}]},{"@type":"WebSite","@id":"https://www.obispadodeibiza.es/ca/#website","url":"https://www.obispadodeibiza.es/ca/","name":"Obispado de Ibiza","description":"Web Oficial de la Diócesis de Ibiza","publisher":{"@id":"https://www.obispadodeibiza.es/ca/#organization"},"potentialAction":[{"@type":"SearchAction","target":{"@type":"EntryPoint","urlTemplate":"https://www.obispadodeibiza.es/ca/?s={search_term_string}"},"query-input":{"@type":"PropertyValueSpecification","valueRequired":true,"valueName":"search_term_string"}}],"inLanguage":"ca"},{"@type":"Organization","@id":"https://www.obispadodeibiza.es/ca/#organization","name":"Obispado de Ibiza","url":"https://www.obispadodeibiza.es/ca/","logo":{"@type":"ImageObject","inLanguage":"ca","@id":"https://www.obispadodeibiza.es/ca/#/schema/logo/image/","url":"https://www.obispadodeibiza.es/wp-content/uploads/2021/03/logo-bisbat-eivissa-color.png","contentUrl":"https://www.obispadodeibiza.es/wp-content/uploads/2021/03/logo-bisbat-eivissa-color.png","width":1739,"height":1544,"caption":"Obispado de Ibiza"},"image":{"@id":"https://www.obispadodeibiza.es/ca/#/schema/logo/image/"}}]}</script>
<!-- / Yoast SEO plugin. -->

Presa de possessió de nou rector de Santa Gertrudis - Obispado de Ibiza

El Bisbe, Don Vicente Ribas Prats, presidirà la celebració que tindrà lloc a les 19 hores a la parròquia de Santa Gertrudis, el Reverend Álvaro Enrique González Mesa, prendrà possessió...

Web Oficial de la Diócesis de Ibiza
